 23*i**2 + i + 103. Does 24 divide v(24)?
False
Let w = 1063 + 89. Is w a multiple of 4?
True
Let o be ((-90)/25)/((-1)/(-5)). Let i be ((-120)/o)/(1/3). Let f = i - 8. Is 6 a factor of f?
True
Let h(t) = -6 - 5 + 5*t**2 - 4*t + 2 + 1. Is 28 a factor of h(4)?
True
Is 30 a factor of (595/(-3) - 11)*6/(-4)?
False
Suppose -3*g + d = 4*d - 18, 2*g - 3*d = 2. Suppose g = -4*h + 120. Is h a multiple of 16?
False
Let s = -35 - -37. Is 178 + (1 - (s + (-8)/(-4))) a multiple of 25?
True
Let p = 5324 + -3788. Is 32 a factor of p?
True
Is 12 a factor of (4293/54)/(3/24)?
True
Suppose 0 = -0*x + 4*x + 2*w - 14, 5*x - 18 = -2*w. Suppose p = -x*h - 27, 11 + 1 = -h - 2*p. Let c(d) = -9*d - 14. Is 10 a factor of c(h)?
True
Suppose 3*z + j - 2301 = 4*j, -6*z + j + 4607 = 0. Is 28 a factor of z?
False
Suppose -25*s + 7812 = -4*s. Does 16 divide s?
False
Let j(d) = d**3 - 21*d**2 + 3*d + 3. Is j(21) a multiple of 7?
False
Let c = -43 - -120. Suppose 0*p = 2*p + 34. Let a = c + p. Is 20 a factor of a?
True
Let x(r) = 3*r + 36. Let k be x(-11). Suppose 0 = -c - 4*c - k*h + 358, 0 = -4*h + 4. Is c a multiple of 14?
False
Let i(x) = -x**3 + 24*x**2 - 25*x - 290. Is i(21) a multiple of 13?
False
Let u = -40 - -34. Let a(l) = l**3 + 6*l - 1 + 7 - 4*l**2 - 2*l**3. Is 21 a factor of a(u)?
True
Let t(g) = g**3 + 2*g**2 + 10*g + 1030. Is t(0) a multiple of 70?
False
Suppose 3*r - v = -707, 0 = 3*r - 3*v + 355 + 350. Let p = -66 - r. Is p a multiple of 17?
True
Let w be (1 - 0)/((-7)/(-84)*-4). Does 9 divide (-56)/20 - w - 684/(-30)?
False
Let k(n) = 19*n**2 - 6*n - 9. Is 11 a factor of k(-4)?
True
Let k(y) = 22*y - 48. Is 24 a factor of k(37)?
False
Suppose 0 = -2*q + 6*q - 84. Let j = q - -59. Is 10 a factor of j?
True
Let o = -12 - -12. Suppose o*l = 2*l + 20. Does 19 divide ((-4)/(-6))/(l/(-855))?
True
Let u(l) = 6*l - 10. Let n be u(2). Suppose c = -5*a + 205, n*a + 5 = -c + 84. Is a a multiple of 14?
True
Is 33 a factor of 2/((-54)/(-1089))*36?
True
Suppose 2*x = 5*d + 30, -4*x - 1 - 59 = 5*d. Does 14 divide (-29 + 5)*7*2/d?
True
Suppose -3*l = -3*b - 0*b + 426, 5*l = -2*b + 263. Suppose 38 = 4*v + 402. Let f = v + b. Is f a multiple of 24?
True
Suppose -3*s - 13 = -o - 4, 4*s - 2*o + 12 = 0. Let u(x) = -3*x**3 + x**2 + 3*x - 1. Let p be u(s). Suppose 3*c - p = -2*c. Is c a multiple of 4?
True
Suppose 6877 = 9*y - 665. Is 24 a factor of y?
False
Let n(k) = k**3 + 3*k**2 + 2*k - 2. Suppose -9*h + 56 = 5*h. Does 16 divide n(h)?
False
Suppose f + 4*n + 18 = 3*f, 3*f + 2*n = 11. Suppose 445 = f*b - 4*c - c, -b + 83 = -3*c. Is b a multiple of 23?
True
Suppose -144 = -5*s + 666. Does 7 divide s?
False
Suppose -s = s - 8. Let g be s - (-2 + -194 + 4). Suppose 5*j + g = 4*m, -2*j = 5 + 3. Is 22 a factor of m?
True
Let y(t) = -109*t - 26. Does 8 divide y(-2)?
True
Let w = 11 - 7. Suppose -z + w = q, -z + 3*q = 2*q - 2. Suppose 5*s - 98 = z*s. Is s a multiple of 15?
False
Let s(c) = -c**3 - 10*c**2 - 8*c + 6. Let p be s(-9). Let g be ((-4)/6)/(2/p). Is 8 + (3 + 0)*g a multiple of 8?
False
Suppose -4*k - 38 = 3*u, -6 = -0*u + 3*u. Let o be (20/k)/((-2)/164). Let d = o + -130. Is d a multiple of 10?
False
Is 15 a factor of (30/(-5) - -3) + 603?
True
Suppose 0 = 5*f - 3*f + 2. Let j = 27 + -29. Is 8 a factor of j - (f/(-1) + -22)?
False
Let k be (-12)/(19/(-9) - -2). Suppose 39 = -0*x - x - 5*v, -4*v = -4*x - k. Let h = 55 + x. Is h a multiple of 12?
False
Let w = -6 - -17. Suppose 2*j = 3*g + w, -g - 3 = -2*j + j. Does 17 divide j/(-8)*34*6?
True
Suppose 0 = -j + 3*w + 146, 16*j + 2*w - 136 = 15*j. Is 14 a factor of j?
True
Suppose l = w, -25 = -3*w - 3*l + l. Suppose -197 = -t + 4*i, w*t + 0*i = i + 947. Is t a multiple of 12?
False
Suppose 0 = 6*g - 5*g + 10. Does 12 divide (-1145)/g - 3/(-6)?
False
Let k = 1235 - 416. Is 26 a factor of k?
False
Let l be (-740)/50*((-7)/2 - -1). Let j = 101 - l. Does 8 divide j?
True
Let u = -125 + 126. Is 13 a factor of (-4)/u + 3 + 161?
False
Let q(v) = 10*v + 9. Suppose -c + 5 = -0. Is 15 a factor of q(c)?
False
Let z(i) = 73*i**2 + 3*i - 1. Let w be z(5). Let n be w/5 - 4/(-20). Is 2/(-5) + n/20 a multiple of 9?
True
Let r = -100 - -270. Let s = r + -118. Is s a multiple of 13?
True
Let g(c) = -5*c + 2. Let m be g(2). Let l(x) = -x**3 - x**2 - x + 1. Let v(y) = -5*y**3 + 2*y**2 - 8*y - 3. Let h(p) = -6*l(p) + v(p). Does 5 divide h(m)?
False
Let d(g) = g**2 - 14*g - 2. Let v be d(14). Let i be (6/v)/(18/96). Let q = i + 19. Does 2 divide q?
False
Let a = -5 + -1. Is (-74)/a + (-26)/(-39) even?
False
Is 5199/6*(-30)/(-15) a multiple of 40?
False
Suppose -12*u = -6493 + 1813. Is 39 a factor of u?
True
Suppose 2*s + 3*s = -f + 19, -5*f = 5*s - 55. Let w = -21 + f. Is 11 a factor of (-261)/w - (-5)/20?
True
Let u = -232 - -433. Suppose 541 = -4*o - 5*p, -3*p + 176 = -5*o - 454. Let h = u + o. Is 12 a factor of h?
True
Let u = -15 - -150. Is 8 a factor of u?
False
Suppose 2*z - 3*z - p = 5, 5*p = -20. Let f be -3 - (z + 1 - 0). Is 14 a factor of (8/10)/(f/(-105))?
True
Let j(q) = -3*q - q - 5*q - 3*q**2 - 3. Let g(z) = 16*z**2 + 46*z + 15. Let i(u) = 2*g(u) + 11*j(u). Is i(-5) even?
False
Suppose -12 = 2*d - 34. Is 10 a factor of d?
False
Suppose -2*j = 2*j - w - 628, -5*j - 5*w + 810 = 0. Let r = 284 - j. Does 21 divide r?
True
Suppose 5*w + 4*p - 19 = 0, -w - 2*p + 7 = 2*p. Suppose -3*f - w*f = -300. Is 10 a factor of f?
True
Is (63/(-4))/((-34)/408) a multiple of 9?
True
Suppose 9*q - 1211 - 787 = 0. Is q a multiple of 37?
True
Let u = 229 + -113. Does 3 divide u?
False
Let r(m) = m - 5. Let j = -9 - -15. Let v be r(j). Is 5 a factor of (-4)/(v - -7)*-26?
False
Let y be 0 + 1 + 1 + 1. Let f(d) = -10 - y*d**2 + 4*d**2 - 2*d**2 - 9*d. Is 2 a factor of f(-7)?
True
Suppose 344 - 2577 = -7*u. Does 29 divide u?
True
Let z = -485 + 325. Suppose 4*k + 427 = 71. Let h = k - z. Is 15 a factor of h?
False
Let a = -10 - -6. Let r = a + 23. Let s = -2 + r. Is 17 a factor of s?
True
Let v = 16 + -12. Suppose -v*d = -2*d - 4*u - 164, -3*d + 4*u + 252 = 0. Does 11 divide d?
True
Suppose -15*b = -2428 - 3197. Is 25 a factor of b?
True
Let d(k) = -4*k**3 + 72*k**2 - 23*k - 20. Is 54 a factor of d(16)?
False
Let o(q) be the second derivative of q**6/360 + q**5/12 + q**4/2 + q**3/3 + 3*q. Let s(m) be the second derivative of o(m). Does 2 divide s(-9)?
False
Suppose 85350 = 190*d - 160*d. Does 112 divide d?
False
Suppose m - 38387 = -22*m. Is m a multiple of 55?
False
Is (-1024)/(-24)*(-312)/(-32) a multiple of 32?
True
Let n(m) = -m**3 - 18*m**2 - 3*m - 65. Does 21 divide n(-19)?
False
Let w(o) = 1. Let h(n) = 2*n + 4. Let x(k) = h(k) - 6*w(k). Let m be x(7). Suppose -7*v + m*v = 95. Is 12 a factor of v?
False
Let w be 12/10*(5 - 0). Suppose -2*j - s + 3 = -w, 2*s = 4*j - 14. Suppose u - 51 = -j*u + 3*g, -u - g + 7 = 0. Does 6 divide u?
False
Let k(b) = -13*b. Let t be k(-4). Let p be -2 - t/2 - -3. Let m = p + 55. Does 10 divide m?
True
Let z(u) be the second derivative of -u**4/12 + u**3/2 + 5*u**2/2 - u. Let k be z(-3). Is (k + 12)/(2/(-90)) a multiple of 9?
True
Let i(o) be the first derivative of o**2/2 + 14*o + 4. Let n be i(-10). Suppose -4*c + n*t + 129 = -115, 3*c + 4*t = 176. Is c a multiple of 24?
False
Suppose 29*g - 70391 - 13448 = 0. Is 81 a factor of g?
False
Let j(q) = 3 + 4*q**2 + 21*q**2 - 3*q + 4*q**2 + 5*q. Does 10 divide j(-1)?
True
Suppose -2*m + 5*m = -276. Let z = m + 182. Suppose 0 = j + 36 - z. Is 15 a factor of j?
False
Let j(d) = -d**3 + 8*d**2 + 11*d - 16. Let p be j(9). Let o be (3*p)/(-17 + 19). Suppose -5*x - 58 = -o*y, 0 = 5*y - 2*y - x - 38. Is y a multiple of 11?
True
Let q be 2/(-3) - ((-20)/(-6) - 4). Is 6/27 + q + 588/27 a multiple of 3?
False
Let a = 32 - -25. Is a a multiple of 19?
True
Let c(p) = p**2 - 3*p + 7. Let t be c(0). Suppose 2*q - 2*i - 156 = 0, -4*i + t*i = 2*q - 158. Is 19 a factor of q?
True
Let b(g) = g**3 + 4*g**2 + 15*g - 19. Is b(5) a multiple of 12?
False
Let k = 88 - 42. Let i = k + -35. Is 11 a factor of i?
True
Let v = 314 - 250. Is v a multiple of 32?
True
Let n(b) = -12*b - 12. Let w(l) = l**3 - 19*l**2 - 22*l + 37. Let p be w(20). Is 13 a factor of n(p)?
False
Suppose 4*n + 36 - 260 = -4*i, 0 = 4*i - 12. Suppose 11*x - 2*x = -342. Let j = x + n. Is 7 a factor of j?
False
Let c be (14/(-28))/((